l, 5*y - 24 = -2*l + 466. What is the remainder when y is divided by 43?
14
Let v(q) = -2*q - 134. Let u be v(0). Let d = 10 + -96. Let n = d - u. What is the remainder when n is divided by 17?
14
Suppose 0*q = 14*q. Suppose -4*s - 17 + 49 = q. Calculate the remainder when 46 is divided by s.
6
Let p = -30 - -43. Suppose 21*q - 100 = 20*q. Suppose -5*f = 3*v - q, 0*v = 2*f + 4*v - 26. What is the remainder when f is divided by p?
10
Calculate the remainder when 225 is divided by 2/(((-96)/(-8))/36).
3
Let y(x) = -x**2 + 14*x - 20. Calculate the remainder when 91 is divided by y(10).
11
Let i be (9 + 8/2)*(1 - 2). Let l = i + 56. Calculate the remainder when l is divided by 15.
13
Suppose 2*w + 24 = -y + 5*y, 4 = -w. Suppose n + 4*n = 250. Suppose 8*d = 3*d + n. What is the remainder when d is divided by y?
2
Suppose 11*d - 165 = 6*d. Calculate the remainder when 7 + -3 + (127 - 1) is divided by d.
31
Suppose 0 = -2485*v + 2492*v - 511. Calculate the remainder when 217 is divided by v.
71
Let z = -1511 + 1531. Calculate the remainder when 274 is divided by z.
14
Let k(w) = -74*w**3 + 4*w**2 - 10*w - 30. Calculate the remainder when k(-3) is divided by 37.
36
What is the remainder when 79/6*(-3 - -9) is divided by 24?
7
Let z be 1 - 32/(-1*4). Let h be 3 + 4/((-12)/z). Suppose h*y - y = -6. Calculate the remainder when 9 is divided by y.
3
Let r(c) = 2*c + 4. Suppose z - 26 = 5*w, 0 = -4*w - 12. What is the remainder when r(7) is divided by z?
7
Let c(f) = f**3 + 9*f**2 - 24*f + 5. Calculate the remainder when 152 is divided by c(-11).
17
Let g be (1168/(-6))/8*-3. Suppose -11*m + 315 - g = 0. Calculate the remainder when 64 is divided by m.
20
Let z = -124 + 212. Suppose 22*r - 26*r = -z. Calculate the remainder when 107 is divided by r.
19
Let n(o) = -8*o**2 - o - 1. Let x be n(-1). Let t = 7 - x. What is the remainder when t is divided by 24/10*(-10)/(-3)?
7
Suppose 6*l - 4*l = 3*f - 1258, -420 = -f + l. Suppose -f = -5*p + 4*g, -375 + 119 = -3*p + 5*g. What is the remainder when p is divided by 23?
13
Let k be (-4)/(0 - 1/32). Let i = k + -37. Suppose 5*u + 3*l = i, -u + 0*l = -5*l - 7. Calculate the remainder when u is divided by 9.
8
Let d be (5 + -6)/((-2)/6). Let z(s) = -16 + 0*s**d + 3 - 4*s + 11*s**2 + s**3 + 2*s. Calculate the remainder when 26 is divided by z(-11).
8
Let l(u) = -63*u - 11. What is the remainder when l(-3) is divided by 47?
37
Suppose -b + 12 = -4. Calculate the remainder when 45 is divided by b.
13
Suppose 0 = 8*u + 3 - 43. Calculate the remainder when 102 is divided by u.
2
Let l(b) = b**2 + 4*b - 4. Suppose -t - 1 = -3*x, 0*t + t - 3 = x. What is the remainder when l(3) is divided by t?
2
Let r(l) = 2*l**3 + 18. What is the remainder when 13/(-4)*16/(-1) is divided by r(0)?
16
Suppose 24 = 4*y + 2*y. Suppose 27 = o - y*h, -5*o + 23 + 22 = -2*h. Calculate the remainder when o is divided by 3.
1
Let b(j) = j**2 + 4*j - 1. Let y be b(-5). Suppose -y*s + 184 = 4*s. What is the remainder when s is divided by 3?
2
Let k = 384 + -187. What is the remainder when k is divided by 102?
95
Let b(d) = -3*d - 14. Let q be b(-6). Suppose 129 = q*n - 119. Let j = 120 - n. Calculate the remainder when j is divided by 15.
13
Suppose 5*s - 242 = 63. What is the remainder when s is divided by 27?
7
Suppose -3*g + 228 = 2*p, -2*g + 80 + 74 = 2*p. What is the remainder when 1035 is divided by g?
73
Let b be (-7)/(-21) + 302/(-6). Let x = -25 - b. Let y(d) = d**3 - 12*d**2 - 5*d - 6. What is the remainder when y(13) is divided by x?
23
Suppose 0 = -l - 41 + 5. What is the remainder when 14 is divided by (l/8)/(-3)*2?
2
Suppose 3*z = -5*c - 33, z - 6*z = 3*c + 39. Let q be (z/9)/((-6)/27). Suppose 2*m - q = 5. Calculate the remainder when 15 is divided by m.
3
Let j = 33 - 29. Suppose -4*u = j*w - 12, 2*w + 2*u - u - 7 = 0. Suppose -7*s - 21 = -2*a - 2*s, s - 9 = -w*a. Calculate the remainder when a is divided by 3.
0
Let g(s) = -104*s - 47. Calculate the remainder when g(-3) is divided by 85.
10
Suppose 0 = 2*p + 4*n - 34, 0*p = 3*p - 4*n - 21. Suppose 10 = 2*k + 4*f, -k - 6*f + 3 = -2*f. Let s = -4 + k. Calculate the remainder when p is divided by s.
2
Let d(t) = -2*t + 2*t**2 - 12*t**2 + 11*t**2 - 8 - 6*t. What is the remainder when d(-5) is divided by 29?
28
Suppose x + 187 = 4*a, -8 = 5*x + 7. What is the remainder when 124 is divided by a?
32
Let p(h) = -h**3 - h - 1. Let m(v) = -8*v**3 - 3*v - 2. Let u = -17 + 13. Let s(f) = u*p(f) + m(f). Calculate the remainder when 16 is divided by s(-1).
1
Suppose 0 = -4*w + 2 + 10. Let d(t) = -1 - 3*t - 3 + t - w. Calculate the remainder when 9 is divided by d(-5).
0
Let w = -387 + 451. Calculate the remainder when w is divided by 8.
0
Suppose 5 = -5*y + 50. Let d = 13 - y. Suppose 4*h - 288 = 4*a, -211 = h - d*h - 2*a. What is the remainder when h is divided by 18?
17
Suppose -3*n = 39 - 54. Let c = -69 + 177. Suppose c = n*p - 3*p. What is the remainder when p is divided by 28?
26
Let m(l) = l**3 - 1 - 1 - l + 4 + 3*l**2. Calculate the remainder when 22 is divided by m(-3).
2
What is the remainder when (-1*6)/((-25)/6050) is divided by 97?
94
Let c be 8 + -9 - 5/(-1). Suppose 0 = -5*u - 2*v + c, -3*u = -2*v + v + 2. Suppose b + u*b = 31. What is the remainder when b is divided by 16?
15
Let q = 0 - 4. Suppose 0*p = -2*p + 50. What is the remainder when p is divided by (234/(-27))/(q/6)?
12
Suppose -205 = -11*m + 499. Calculate the remainder when 202 is divided by m.
10
Let k = 13 - 4. Let l(s) = -s**2 + 11*s + 3. What is the remainder when l(8) is divided by k?
0
Let w = -12 + 36. Suppose 209 = 5*k - 266. What is the remainder when k is divided by w?
23
Suppose 0 = -d - 3*h - 16 - 52, 3*d + 182 = 2*h. Let q = -44 - d. What is the remainder when q is divided by 8?
2
Let m be 0/(4 - 1) + 61. Calculate the remainder when 0 + m + (-5 - (-9 - -2)) is divided by 13.
11
Calculate the remainder when 85 is divided by (-3 + 6)/3*19.
9
Calculate the remainder when 102 is divided by (223 + -4)/((-66)/(-22)).
29
Suppose 0 = -199*y + 190*y + 612. What is the remainder when y is divided by 7?
5
Let j(c) = 6*c**2 - 2*c - 2. Let y be j(3). Let u = y + -27. Let d = 12 + 23. Calculate the remainder when d is divided by u.
16
Let y(a) = 8*a - 2. Let m be -3*(0 + 1) + 12. Let k be y(m). Suppose -g + 3*g = k. What is the remainder when g is divided by 18?
17
Let i be ((-1)/1 + 0)*(5 + -50). Let g = i + -38. Calculate the remainder when 26 is divided by g.
5
Let g = 301 + -198. Calculate the remainder when 312 is divided by g.
3
Let r = 861 - 720. Calculate the remainder when r is divided by 74.
67
Let r = 21 + -39. Let m be ((-3)/9)/(3/r). Suppose 2*i + m*g = 9 + 71, 5*g = i - 10. What is the remainder when i is divided by 9?
8
Let u be (-5)/(35/(-26)) - 6/(-21). Calculate the remainder when 12 is divided by 0 - u/(-4) - -6.
5
Let h(l) = l**2 + 5*l - 30. Calculate the remainder when 13 is divided by h(-9).
1
Let d(w) = 32*w - 1048. What is the remainder when 212 is divided by d(33)?
4
Suppose 0 = 2*c - 12. Suppose -c*y = -y - 10. Suppose -y*j + 6*j = 8, -x - 5*j = -91. Calculate the remainder when x is divided by 28.
25
Suppose -2*h + 80 = 6. Let g = -32 + h. What is the remainder when g is divided by 3?
2
Suppose -4*l = l - 405. Suppose 18*n = 23*n - 4*v - 148, 3*n = 2*v + 88. Calculate the remainder when l is divided by n.
25
Suppose -337*r = -332*r - 1170. Calculate the remainder when r is divided by 60.
54
Let n(x) = x**3 + 7*x**2 + 4*x - 4. Let f be n(-6). Let s = f + 6. What is the remainder when 40 is divided by s?
12
Suppose 4*f - 230 = -g, 3*f = 5*f - 4*g - 124. Calculate the remainder when 286 is divided by f.
54
Let m be -8 - (-1)/(-1)*1. Let o(d) = -2*d - 22. Let i be o(m). Let r = i - -22. Calculate the remainder when r is divided by 10.
8
Suppose -38*j - 12 = -42*j. Suppose -j*m - 5*m = -456. Calculate the remainder when m is divided by 29.
28
Let b be 340/5 - (-1 + -1). Suppose v = b + 5. What is the remainder when v is divided by 26?
23
Let x = -284 + 306. What is the remainder when 106 is divided by x?
18
Let x = 10 + 8. Let l = x - 7. Calculate the remainder when l is divided by 4.
3
Suppose h + 5*o - 58 = 0, -2*h + 0*o + 2*o = -56. What is the remainder when h is divided by 20?
13
Suppose 